se 4*g - 2*g - 252 = l, -3*g - 4*l = -400. Calculate the highest common factor of g and 16.
16
Let a = -3 + -3. Let b be 6/9 - (-10)/a. Let l(r) = 7*r**2 + 1. Let w be l(b). Calculate the highest common divisor of w and 64.
8
Suppose 2*w + 2*w + 1 = y, 0 = -4*y + 4*w + 4. Let c be 1 + (1 - (y + 1)). Suppose c = -2*g - 3*g + 5. What is the highest common divisor of g and 8?
1
Suppose -3*y - 2*i + 5 = 0, 4*y - 3*i + 2*i = 25. What is the greatest common divisor of 15 and y?
5
Suppose 5*v - c - 27 = 0, c = 5*v - 2*c - 31. Suppose 3*y - 2*w = -9 + 37, v*w = -10. Calculate the greatest common divisor of 56 and y.
8
Let q = -94 + 134. Let g be 192/42 - 6/(-14). What is the highest common divisor of g and q?
5
Suppose -53 = -4*s + 75. Calculate the highest common divisor of 160 and s.
32
Suppose 0*w = w + 5*t - 160, 3*t = w - 192. Calculate the highest common factor of w and 36.
36
Suppose 3*u = 5*u. Suppose -4*v + u*q + 535 = q, 2*v - q = 263. Calculate the greatest common divisor of v and 19.
19
Let q(y) = y**2 + 3*y - 4. Let v be q(-4). Suppose v = 4*c + 2*k - 6, 3*c - 5*k = 2 + 9. Calculate the greatest common factor of 8 and c.
2
Suppose 3*m - 12 = -4*r + 60, 2*r - 6 = 0. Calculate the greatest common divisor of m and 30.
10
Let b(n) = 2*n**2 - 6*n - 1. Let o be b(4). Suppose -5*a - w = -3*w - 7, 5*a + w = 4. What is the highest common divisor of a and o?
1
Suppose 0 = -4*l + 3*l - 3*h - 4, 0 = l + 4*h + 8. Calculate the greatest common divisor of l and 16.
8
Let k(w) = -5*w - 38. Let t be k(-9). Let y be 970/35 + (-2)/(-7). What is the greatest common factor of y and t?
7
Suppose 0*x + 120 = x. Suppose 0*g + 5*g - 5 = 0, 3*m - 2*g - 43 = 0. Calculate the highest common factor of m and x.
15
Let o(a) = -2 + 9 - 3*a + 7*a. Let p be o(6). Suppose p = 5*u - 34. Calculate the greatest common divisor of 143 and u.
13
Let r = 33 + 37. What is the greatest common divisor of r and 10?
10
Let z = -9 + 18. Let p be (1/(-2))/(2/(-144)). What is the highest common factor of z and p?
9
Let d be (-44)/(-6) - 2/6. Let t(a) = a**2 + 6. Let x be t(-6). Calculate the greatest common factor of x and d.
7
Let z(r) = -112*r + 3. Let w(b) = 75*b - 2. Let n(a) = -8*w(a) - 5*z(a). Let v be n(1). Let c = v - -63. Calculate the highest common factor of 6 and c.
6
Let m = 33 + -27. What is the greatest common factor of m and 6?
6
Let s(o) = 7*o**2 - 2*o - 4. Let z be s(-3). Suppose 3*p + 2*i - 7 = z, -p + 24 = 3*i. Calculate the greatest common divisor of p and 8.
8
Suppose 0*t - 5*t + 40 = 0. Calculate the greatest common divisor of 104 and t.
8
Let a be 61/2 - (-15)/10. What is the greatest common factor of a and 128?
32
Let r = -25 + 53. Let y = -7 + 7. Suppose y*u - 2*u = -8. Calculate the greatest common factor of r and u.
4
Let i = 81 - 76. Let u(p) = 5*p. Let c be u(3). What is the greatest common factor of i and c?
5
Let f be (51 + -16)*6/7. Calculate the highest common factor of f and 30.
30
Suppose -3*b = -3*c - 12, -3*c - 10 = -2*b - 2. Suppose 0*o - 3*o + 240 = c. Calculate the highest common factor of 20 and o.
20
Let w = 12 - 13. Let q = 4 + w. Calculate the greatest common factor of q and 6.
3
Let u(b) = -b**2 - 8*b - 2. Let d be u(-6). What is the highest common factor of d and 4?
2
Suppose -2*c - w + 209 = 0, -2*w - 5 = -3. Calculate the highest common divisor of c and 15.
15
Let l(o) = o**2 - 3*o + 1. Let i be l(5). Let z = 23 - 15. Let p = z + -7. What is the highest common divisor of i and p?
1
Let d be (3 - 7)/(6/(-39)). What is the greatest common divisor of d and 13?
13
Let g be -34*((-45)/10 - 5). Calculate the highest common divisor of 17 and g.
17
Let o be (4 - (4 + -7))/1. Calculate the greatest common divisor of 1 and o.
1
Let s(g) = -g**3 - 7*g**2 - 7*g + 4. Let p be s(-6). Let u be (30/4)/(6/8). Calculate the highest common divisor of u and p.
10
Suppose 0 = -2*c + 28 - 10. What is the highest common factor of 21 and c?
3
Let f = 165 + 56. What is the highest common factor of f and 13?
13
Suppose 0*f = -f + 3. Suppose -2*j = f*j - 75. What is the greatest common factor of j and 120?
15
Suppose -7 = 4*o - 27. Let x(r) = -r + 9. Let j be x(o). Calculate the greatest common factor of j and 6.
2
Let i(j) = 2*j + 1. Let s be i(1). Suppose -l + 2*o + 41 = s*o, -2*l - 4*o + 84 = 0. Calculate the greatest common factor of l and 10.
10
Let i(a) = -a + 6. Let o be i(-10). Let n = 49 + 127. What is the greatest common factor of o and n?
16
Let x = -6 - -6. Suppose 0 = 5*z - x*z - 260. What is the highest common divisor of z and 13?
13
Suppose 12 = m - 0. Let y = m - 8. Suppose 31 = 2*n - 0*n - 3*d, 0 = -y*n - d + 41. What is the greatest common divisor of 77 and n?
11
Let a(b) = -3*b - 4. Let f be a(-3). Suppose 3*t = -4*d + 5*t + 76, 44 = 2*d - 4*t. Let c = d + -13. What is the highest common factor of f and c?
5
Suppose 3*p = -3*u + 1 + 2, -4*u + 6 = 3*p. Let i be 220 - 3/((-3)/p). Suppose 58 = -5*v + i. Calculate the highest common divisor of 16 and v.
16
Suppose 0 = 6*u - 8*u + 24. What is the greatest common divisor of u and 84?
12
Let j be ((-260)/25)/(4/(-10)). Suppose 14 = 5*d - j. What is the highest common divisor of d and 8?
8
Let y(k) = 2*k - 1. Let a be y(-1). Let d(w) = -3*w**3 - 2*w**2 - w + 4. Let u be d(a). What is the highest common factor of 10 and u?
10
Let v = -60 - -90. Suppose x + 2*q = 3*x - 42, 75 = 4*x + 5*q. Calculate the highest common divisor of x and v.
10
Let a = -66 - 10. Let i = a + 157. What is the greatest common factor of i and 54?
27
Let p = -3 + 6. Suppose a + 26 = -p. Let g = a + 74. What is the greatest common factor of 5 and g?
5
Let a = -9 + 241. Calculate the greatest common divisor of 29 and a.
29
Suppose 0*r = 5*r - 200. What is the greatest common factor of 10 and r?
10
Let j be 5*8/1 + 36/(-9). Calculate the greatest common factor of 4 and j.
4
Let d be 3 - 3 - (-1)/1. Let q be 4/d*(0 - -2). Let c be (1/2)/(1/q). Calculate the highest common divisor of 16 and c.
4
Let p(d) = -d**2 + 28. Let k be p(0). Let r(h) = 12*h - 4 - 3*h**3 + 2*h**2 + 5 - 10*h. Let q be r(-1). What is the highest common divisor of q and k?
4
Let q be (-1)/(-4) + 55/4. Suppose -z - 8 = -5*t, -3*z + 0*t + 14 = 4*t. Calculate the highest common divisor of z and q.
2
Let f = -77 - -141. What is the highest common divisor of f and 8?
8
Suppose 1 = 4*k - 11. Suppose -k*l + 20 = l. What is the greatest common factor of 15 and l?
5
Let p = 14 + -12. Suppose -p*k - 3*k = -40. What is the greatest common divisor of k and 88?
8
Let y = 173 + -116. What is the greatest common factor of y and 19?
19
Let x be -1*2*-1 + 5. Let z = -1 - -2. Let r be 33 + (z - (-2 - -1)). What is the highest common factor of x and r?
7
Let m(h) = -h**2 + 11*h - 2. Let r be m(8). Suppose 4*v - 8 = 0, p + 2*v = -0*v + 180. Calculate the highest common divisor of r and p.
22
Suppose 5*c - 4*c - 158 = 0. Let q = -78 + c. What is the highest common divisor of q and 10?
10
Let d(t) = -t**3 + 7*t**2 - 5*t + 2. Let v be d(5). Let r = -50 + 32. Let c = v + r. What is the highest common divisor of c and 27?
9
Let v(b) = -6*b + 2*b + 3*b. Let t(k) = k**3 - 3*k**2 + k - 3. Let x(g) = t(g) + v(g). Let z be x(4). Calculate the greatest common factor of 117 and z.
13
Let d = 1 - -7. Let w be -2 + (-1 - (-1 + -58)). What is the highest common divisor of w and d?
8
Let k be (3 - 6/3) + -1. Suppose 9 = -k*u + 3*u. Suppose u*w = -w + 24. What is the greatest common factor of w and 66?
6
Suppose -o - 23 - 6 = 0. Let y = -23 - o. What is the highest common factor of 6 and y?
6
Let x = -32 + 36. Calculate the greatest common factor of x and 20.
4
Suppose -5*d = 3*j - 37, -4*d + 30 = -2*d + 5*j. What is the highest common factor of d and 120?
5
Let r = 73 - -8. What is the greatest common factor of 9 and r?
9
Let a = -49 + 97. Calculate the greatest common factor of 12 and a.
12
Let a(k) = -k**2 + 10*k + 2. Let m be a(8). Calculate the greatest common divisor of 81 and m.
9
Let l = -61 - -185. Let u = l - 85. Let b be u*2/9*12. Calculate the greatest common factor of b and 13.
13
Suppose 0 = -4*x + 6*x - 70. Suppose -5*p - b - b = -35, 5*b = 5*p - x. What is the greatest common divisor of 14 and p?
7
Let y = 1 + -1. Suppose -f - 2 = y, -1 = i - 2*f - 12. What is the highest common fact